?
True
Is 3312156567 a prime number?
False
Is 4224451207 composite?
True
Is 179772959 composite?
False
Is 93830057 a prime number?
False
Is 7991476917 composite?
True
Is 7286341523 prime?
True
Is 16335513203 composite?
True
Is 1887004747 a composite number?
False
Is 1855566511 composite?
True
Is 170069341787 prime?
False
Is 8069292547 a composite number?
False
Is 8065832963 a composite number?
False
Is 2495279647 composite?
True
Is 133239737 prime?
True
Is 254957773582 composite?
True
Is 23419958147 a prime number?
False
Is 1358246743 prime?
False
Is 3363016417 composite?
True
Is 68723599429 a composite number?
True
Is 7879946587 prime?
False
Is 14155472237 a prime number?
True
Is 1668688251 a composite number?
True
Is 2963517941 composite?
False
Is 3890510303 a prime number?
True
Is 1841434642 composite?
True
Is 376960201 prime?
False
Is 35949092321 a prime number?
False
Is 238303343 a prime number?
True
Is 5865253291 composite?
False
Is 53030843 prime?
False
Is 2655142159 prime?
True
Is 12000503909 a prime number?
True
Is 746081769 prime?
False
Is 123308805559 composite?
True
Is 2321637973 a prime number?
True
Is 1724737809 a prime number?
False
Is 44028618793 a composite number?
True
Is 22273057589 a composite number?
True
Is 7684109647 prime?
True
Is 291727325281 composite?
True
Is 377999653 a composite number?
False
Is 12210869777 a composite number?
True
Is 18287085899 composite?
False
Is 15949374871 a composite number?
False
Is 213989812697 a composite number?
True
Is 5610683357 a composite number?
True
Is 8542481767 a prime number?
True
Is 2942490997 a composite number?
False
Is 220295377 a prime number?
True
Is 40151914291 prime?
True
Is 31343198529 a prime number?
False
Is 7882694767 prime?
True
Is 53408933801 composite?
False
Is 6332407831 composite?
False
Is 26630567911 prime?
True
Is 15736733399 prime?
False
Is 2595251953 composite?
True
Is 1782638269 composite?
False
Is 686240719 a prime number?
False
Is 25815209371 prime?
False
Is 12140158549 prime?
True
Is 1582282523 prime?
False
Is 70589655062 prime?
False
Is 452427683 a prime number?
False
Is 3293239237 prime?
False
Is 25275577091 composite?
False
Is 26296766191 a composite number?
False
Is 105954577 a prime number?
True
Is 1296616247 composite?
False
Is 389444849 a prime number?
False
Is 19824237863 a prime number?
False
Is 865570451 a composite number?
True
Is 52462069369 composite?
False
Is 21660281 composite?
True
Is 85045840514 a prime number?
False
Is 872187881 a prime number?
True
Is 194335011737 a composite number?
False
Is 16529543171 composite?
False
Is 8207481517 prime?
True
Is 4545533879 a prime number?
False
Is 290747469943 composite?
True
Is 5907687647 a prime number?
True
Is 1530762153 a prime number?
False
Is 12909268747 a prime number?
False
Is 87697173581 a composite number?
True
Is 628043533 a composite number?
True
Is 9949358869 prime?
True
Is 103642373 a composite number?
False
Is 1923530519 a composite number?
True
Is 68112211607 a composite number?
True
Is 11080946453 a composite number?
True
Is 4932786671 composite?
False
Is 799822805 a prime number?
False
Is 3416799223 composite?
False
Is 17730506723 a composite number?
False
Is 17644582513 composite?
True
Is 919082851 a composite number?
True
Is 51933043567 composite?
True
Is 109939589 a prime number?
True
Is 27178397 a prime number?
True
Is 7392145 a prime number?
False
Is 55459830731 a composite number?
False
Is 191023213 composite?
True
Is 15118003373 a prime number?
False
Is 90496720979 prime?
False
Is 5930642009 prime?
True
Is 229793761 prime?
True
Is 2073481171 composite?
False
Is 2111116793 composite?
True
Is 1768818049 a composite number?
True
Is 402785477 composite?
True
Is 11023205639 a composite number?
False
Is 2363827123 a prime number?
False
Is 45797514677 composite?
False
Is 4372238987 a composite number?
False
Is 1024890641 prime?
False
Is 684914861 a prime number?
False
Is 4947588827 prime?
False
Is 745628633 prime?
False
Is 8206862473 composite?
False
Is 3226584971 composite?
False
Is 1223214367 a prime number?
True
Is 1567735073 prime?
False
Is 6672808357 composite?
False
Is 31097562767 composite?
True
Is 248880137201 composite?
False
Is 3566038727 a prime number?
True
Is 11505997933 a composite number?
False
Is 7414995421 composite?
True
Is 312501619 a composite number?
False
Is 35908063817 a composite number?
True
Is 14668044893 a composite number?
True
Is 14350157881 composite?
True
Is 2444691547 a composite number?
False
Is 222521851 a prime number?
False
Is 14739351727 a prime number?
False
Is 27968945387 composite?
False
Is 62292376187 composite?
False
Is 2285913611 prime?
False
Is 74041230167 a prime number?
True
Is 1213731703 a composite number?
False
Is 2928144251 prime?
True
Is 5908289971 prime?
True
Is 32689722929 prime?
False
Is 16928784377 composite?
False
Is 624949711 prime?
True
Is 3554061703 a prime number?
True
Is 2754210751 prime?
False
Is 1199307269 a prime number?
False
Is 16954831549 composite?
False
Is 5393396329 a prime number?
False
Is 38989768031 composite?
True
Is 406578673 prime?
False
Is 963001687 a prime number?
False
Is 1786017991 a composite number?
False
Is 6145597951 a prime number?
True
Is 3546858859 composite?
False
Is 13304277737 a prime number?
False
Is 2049228157 a composite number?
True
Is 38599229 prime?
True
Is 10451672683 composite?
False
Is 9956419043 composite?
False
Is 1090454671 a composite number?
False
Is 165928342339 composite?
False
Is 237811577 prime?
False
Is 1887552497 a composite number?
True
Is 922930273 prime?
False
Is 11376578093 prime?
True
Is 28586951587 composite?
False
Is 3150957881 prime?
True
Is 1680979561 prime?
False
Is 171233547477 composite?
True
Is 549042167 prime?
True
Is 1977868661 composite?
False
Is 3016629713 a prime number?
False
Is 16744426307 prime?
False
Is 88582651531 composite?
True
Is 5826686939 composite?
False
Is 182717833 a prime number?
False
Is 20826550721 a prime number?
True
Is 51126494843 prime?
False
Is 34194163 prime?
True
Is 6150599699 prime?
True
Is 10095944503 a composite number?
True
Is 9978146713 a prime number?
True
Is 175438737853 a composite number?
True
Is 2268322823 a prime number?
False
Is 30488126063 composite?
False
Is 1735067329 prime?
False
Is 2134115123 a prime number?
False
Is 6365540119 composite?
False
Is 2100793609 composite?
True
Is 12293961623 prime?
False
Is 352116953 a composite number?
False
Is 13704592903 composite?
True
Is 1334225929 prime?
False
Is 4796811223 a prime number?
True
Is 38830427 a composite number?
True
Is 18966614287 prime?
True
Is 11733897271 a composite number?
False
Is 2883694283 composite?
False
Is 74777045809 composite?
True
Is 766259063 composite?
False
Is 25994047403 composite?
False
Is 107305298803 a composite number?
False
Is 212539883 a composite number?
False
Is 921936749 a prime number?
False
Is 37921379623 a prime number?
True
Is 273216803 a prime number?
True
Is 200966609 a composite number?
False
Is 1453960949 composite?
True
Is 46866862807 prime?
True
Is 2181632681 a prime number?
False
Is 3496327577 a composite number?
True
Is 814671629 prime?
True
Is 1160207941 a prime number?
True
Is 25338205331 prime?
False
Is 106898207981 prime?
True
Is 298432703 a composite number?
True
Is 111874327 prime?
True
Is 89641999 composite?
False
Is 4292948773 a composite number?
False
Is 996773633 prime?
False
Is 96791537111 a composite number?
False
Is 1710123067 a prime number?
True
Is 2361852469 a composite number?
True
Is 287425547 a prime number?
True
Is 9940926713 a prime number?
False
Is 2061088487 a composite number?
True
Is 860291281 a prime number?
True
Is 995290961 a composite number?
True
Is 204917357 composite?
False
Is 13007445761 a composite number?
True
Is 109737379321 a prime number?
False
Is 166321109 prime?
False
Is 1948930799 a composite number?
False
Is 827572567 a composite number?
True
Is 6280336961 a prime number?
True
Is 79124638781 prime?
False
Is 259563965795 composite?
True
Is 86144865262 a composite number?
True
Is 1975129958 composite?
True
Is 33241691845 composite?
True
Is 5792199529 composite?
True
Is 19247555221 composite?
True
Is 2409539903 a composite number?
False
Is 1689355489 composite?
False
Is 798686657 a com